 + 11. Let w(n) = 3*n + 39. Let k be 274/(-30) + 5/((-225)/(-6)). What is the remainder when p(6) is divided by w(k)?
11
Suppose -478 - 1665 + 271 = -144*o. Calculate the remainder when 47539 is divided by o.
11
Let n be ((-138)/(-4))/((-1)/(-2)). Suppose 5*v - 2*v = n. Suppose -43*a + 42 = -39*a - 2*z, 0 = 3*z + 9. What is the remainder when v is divided by a?
5
Let b(p) = 3*p**3 - 89*p**2 - 38*p + 523. What is the remainder when 1654 is divided by b(30)?
239
Suppose -27120 = -99*y - 38*y + 57*y. What is the remainder when 1691 is divided by y?
335
Calculate the remainder when 409 is divided by (-237)/(-6)*(12 + (7 - 17)).
14
Let u be 6/(-21) + (-48)/(-21). Let r(d) = 45*d**3 - 5 + 17*d**u - 11 - 44*d**3 + 27*d. What is the remainder when 83 is divided by r(-15)?
25
What is the remainder when 275 is divided by 23 - -12 - 0/(-4)?
30
Let q = -180 - -347. Suppose -133 - q = -12*x. Calculate the remainder when 107 is divided by x.
7
Let u be -1*(-2 + 1) - 60/(-15). Suppose u*f = -2*t + 6*f + 125, 0 = t + f - 61. Calculate the remainder when t is divided by 7.
6
Suppose -94 = -5*s + 36. Calculate the remainder when 12/((1 + 1)*5/(-1190)*-14) is divided by s.
24
Suppose -364 = -0*s - 2*s. What is the remainder when s is divided by (6/12*(-35)/5)/(14/(-252))?
56
Let t(h) = -h**2 + 3*h + 32. Let f be t(-4). Suppose 5*z - 2*b = 155, 0 = 4*z + f*b - 237 + 85. Calculate the remainder when z is divided by 22.
11
Let m(b) = 22*b + 1. Let a be m(1). Suppose a*z = 26*z - 15. Calculate the remainder when z is divided by (-6)/(-10)*10/2.
2
Let v(b) = 79 + 27*b - 92 + 3*b**2 + 30*b - 52*b. Let y = -8 + 4. Calculate the remainder when v(y) is divided by 4.
3
Let c be (-3 - -6) + (-3 - -2). Let n be ((-23)/46)/(c/(-12)). Calculate the remainder when 123 is divided by 16/4 - (-14 - -3 - n).
15
Let b = 34 + -14. Let t(u) = -177*u - 291. Let f be t(-9). Let o = 1313 - f. What is the remainder when b is divided by o?
9
Suppose -s = g - 14, 4*g - 6*s - 19 = 27. Calculate the remainder when 93 is divided by g.
2
Suppose -3*d - 32 = 22. Let o = 1 - d. Let w(j) = j**2 - 22*j + 77. What is the remainder when w(20) is divided by o?
18
Suppose -589 = -3*i - 4*h, -153*h - 619 = -3*i - 151*h. What is the remainder when i is divided by 56?
35
Suppose -18*t = 2*t - 6300. Let l = 328 - t. What is the remainder when 59 is divided by l?
7
Let h = 3 + 5. Let v(n) = 4*n - 18. What is the remainder when 138 is divided by v(h)?
12
Let a = -810 + 808. Calculate the remainder when (a - 6)*(-133)/38 is divided by 13.
2
Let y be (-3)/(1 + -4) + 2. Suppose 3*m = 3, -44 = -y*p - m + 2. Calculate the remainder when 15 is divided by 4/10 + 159/p.
4
Let a = -12361 - -12882. What is the remainder when 1579 is divided by a?
16
Let u be 6 + 1/((-3)/(-12)). Suppose -6*q = -u*q + 216. Suppose q = b + b. What is the remainder when b is divided by 14?
13
Suppose 5*i = -20, 5*r + 2*i = r - 56. Let k be 2958/(-36) - 2/r. Calculate the remainder when 28 is divided by 7/(-28) - k/8.
8
Suppose 0 = 229*n - 184*n - 21330. What is the remainder when 1428 is divided by n?
6
Let b = 299 - 284. What is the remainder when b is divided by (-4)/(21/(-15) - -1)?
5
Suppose 2*v + 5*x - 13 = 0, 2*v - 2 = v + 2*x. Suppose -3*o = 3*i - 35 + 5, 3*i + 5*o - 28 = 0. What is the remainder when i is divided by v?
3
Suppose -247*h - 30 = -d - 250*h, 4*h = 3*d - 116. Let t(a) = 131*a**2 + 2*a - 2. Let z be t(2). Let g = z + -311. What is the remainder when g is divided by d?
35
Let z(n) = n**3 + 8*n**2 + 10*n + 16. Suppose 2*u + 2*j = -18, -4*u = -3*j + 13 + 2. What is the remainder when 111 is divided by z(u)?
27
Suppose 278*i + 183*i - 421 = 1423. Calculate the remainder when 1049 is divided by i.
1
Let m(v) = v + 1. Let w(c) = -c**3 - 4*c**2 - 2*c + 6. Let d be w(-4). Let l = d + 24. Calculate the remainder when l is divided by m(7).
6
Calculate the remainder when (1/9)/(8/(-16)) + 382/18 is divided by 7.
0
Let c(w) = -31*w + 71. Let k(z) = 30*z - 65. Let q(f) = -6*c(f) - 7*k(f). Calculate the remainder when q(-3) is divided by 36.
29
Suppose -2467 - 10783 = -53*k. Calculate the remainder when k is divided by 43.
35
Let s = -25 + 41. Suppose 38*t = -30*t + 3097 + 1391. Calculate the remainder when t is divided by s.
2
Suppose 0 = 4*w + 257 - 317. Suppose -u = p - 13, 4*p + 0*u - u - 27 = 0. What is the remainder when w is divided by p?
7
Let c = -1242 + 1665. What is the remainder when c is divided by 27?
18
Let z = 68 - 34. Let j be 893 - (8 - (-3 - (6 + -11))). Let m = j - 869. Calculate the remainder when z is divided by m.
16
Suppose 10*x = -x + 22. Suppose -2*u - 5*y - x = -4, 6 = 2*u + 3*y. What is the remainder when 88 is divided by u?
4
Let c(s) = -30*s - 21. Let w be c(4). Let n = -124 - w. What is the remainder when 49 is divided by n?
15
Let w = 1117 + -781. What is the remainder when w is divided by 37?
3
Suppose 423*b - 872 = 408*b - 77. What is the remainder when 264 is divided by b?
52
Let g(d) = d**3 - 6*d**2 + 2*d - 45. What is the remainder when 3541 is divided by g(7)?
13
Let b = 75 - 126. Suppose 0*j + 4*j = 300. What is the remainder when j is divided by ((-6)/4)/(b/374)?
9
Let b = -1563 - -931. Let f = b + 971. Calculate the remainder when f is divided by 43.
38
Suppose 0 = 5*c + 4*t + 540, 0 = -3*c - 2*c - 2*t - 540. Let o = -85 - c. Calculate the remainder when 33 is divided by o.
10
Let h(y) = -y**2 - 4*y + 15. Suppose -2*x = -i + 1, -8*x - 7 = 2*i - 9*x. Calculate the remainder when 19 is divided by h(i).
9
Suppose -4*k - 57 = -11*k + 293. What is the remainder when 477 is divided by k?
27
Let n(m) = 41*m - 353. What is the remainder when n(10) is divided by 32?
25
Let p be (-103 + (-2 - -2))*-1. Suppose -p*v = -101*v - 12. What is the remainder when 27 is divided by v?
3
Suppose -5*n = 2*u - 481, 2*n + 379 = 4*u - 499. Calculate the remainder when 11145 is divided by u.
218
Let h(g) = -165*g**2 - 3*g - 12. Let a be h(-2). Let w = 743 + a. What is the remainder when w is divided by 14?
7
Suppose 0 = 3*l + 5*h - 21, 98*l - 97*l - 2*h = -4. Calculate the remainder when -14*((-533)/l)/13 is divided by 3*3/((-27)/(-174)).
55
Let h = -53375 + 53388. Calculate the remainder when (-51)/((-2)/2 - 0) is divided by h.
12
Let p = -12482 - -12489. Calculate the remainder when 604 is divided by p.
2
Let m = -17521 + 17619. What is the remainder when m is divided by 22?
10
Let y = -861 - -598. Let t = 307 + y. Calculate the remainder when 207 is divided by t.
31
Let u = 931 - 185. Calculate the remainder when u is divided by 200.
146
Suppose 2*l = -5*v - 43 - 8, 4*v = 5*l - 21. Let u(n) = -n**2 - 14*n + 23. What is the remainder when u(v) is divided by 10?
8
Suppose -3*y - 10*w + 26 = 0, -4*y - 25*w + 23*w = -46. Calculate the remainder when 1762 is divided by y.
10
Suppose 55*s + 84*s = 63*s + 18696. Calculate the remainder when s is divided by 147.
99
Let w = -4 - 4. Let n(q) = -q**2 - 22*q + 28. Calculate the remainder when n(-23) is divided by 0 + 3 - (-9 - w).
1
Let t(w) = -11*w + 153. Let i be t(-8). Suppose -4*o + i = 29. What is the remainder when 167 is divided by o?
8
What is the remainder when 209 is divided by (-522)/957 - (-3615)/33?
100
Suppose -489 - 71 = -57*y + 43*y. Calculate the remainder when 1757 is divided by y.
37
Let v = -290 + 290. Suppose 26*p - 229 - 109 = v. Calculate the remainder when 36 is divided by p.
10
Suppose -120*d + 1317 + 1205 - 122 = 0. Calculate the remainder when 396 is divided by d.
16
Let c = 3221 - 2911. Calculate the remainder when c is divided by 197.
113
What is the remainder when 8 + (-146)/18 - -53*24/27 is divided by 45?
2
Let n = 376 + -373. Suppose 3*w + 144 = n*a, -3*a + 6*a + w - 128 = 0. What is the remainder when a is divided by 14?
2
Suppose -3*w - 4*t + 47 = 0, -5*w + 4*t = -45 - 12. Let k(u) = u**2 - 7*u - 17. Let j be k(w). Let g = 69 - j. What is the remainder when g is divided by 5?
3
Let h be 5/(-10 - 0)*12. Let l = 22 + h. Suppose 40*d = 37*d + 426. Calculate the remainder when d is divided by l.
14
Calculate the remainder when (-1)/2*(-1 - -2)*(19 - 1743) is divided by 88.
70
What is the remainder when 175 is divided by ((79 - -5)/(-2))/(20/(-10))?
7
Suppose -3*x + 2*m = 4*m - 161, -52 = -x - m. What is the remainder when (-4257)/(-5) + (-12